{"version":"1.0","provider_name":"Amat Immobiliaris","provider_url":"https:\/\/www.amatimmobiliaris.com\/w","author_name":"Amat Immobiliaris","author_url":"https:\/\/www.amatimmobiliaris.com\/w\/author\/sinapsis\/","title":"El alquiler de viviendas, un tema importante con muchas derivadas | Amat Immobiliaris","type":"rich","width":600,"height":338,"html":"<blockquote class=\"wp-embedded-content\" data-secret=\"LfIwtcZJYD\"><a href=\"https:\/\/www.amatimmobiliaris.com\/w\/2019\/01\/alquiler-viviendas-tema-importante-muchas-derivadas\/\">El alquiler de viviendas, un tema importante con muchas derivadas<\/a><\/blockquote><iframe sandbox=\"allow-scripts\" security=\"restricted\" src=\"https:\/\/www.amatimmobiliaris.com\/w\/2019\/01\/alquiler-viviendas-tema-importante-muchas-derivadas\/embed\/#?secret=LfIwtcZJYD\" width=\"600\" height=\"338\" title=\"\u00abEl alquiler de viviendas, un tema importante con muchas derivadas\u00bb \u2014 Amat Immobiliaris\" data-secret=\"LfIwtcZJYD\" frameborder=\"0\" marginwidth=\"0\" marginheight=\"0\" scrolling=\"no\" class=\"wp-embedded-content\"><\/iframe><script>\n\/*! This file is auto-generated *\/\n!function(d,l){\"use strict\";l.querySelector&&d.addEventListener&&\"undefined\"!=typeof URL&&(d.wp=d.wp||{},d.wp.receiveEmbedMessage||(d.wp.receiveEmbedMessage=function(e){var t=e.data;if((t||t.secret||t.message||t.value)&&!\/[^a-zA-Z0-9]\/.test(t.secret)){for(var s,r,n,a=l.querySelectorAll('iframe[data-secret=\"'+t.secret+'\"]'),o=l.querySelectorAll('blockquote[data-secret=\"'+t.secret+'\"]'),c=new RegExp(\"^https?:$\",\"i\"),i=0;i<o.length;i++)o[i].style.display=\"none\";for(i=0;i<a.length;i++)s=a[i],e.source===s.contentWindow&&(s.removeAttribute(\"style\"),\"height\"===t.message?(1e3<(r=parseInt(t.value,10))?r=1e3:~~r<200&&(r=200),s.height=r):\"link\"===t.message&&(r=new URL(s.getAttribute(\"src\")),n=new URL(t.value),c.test(n.protocol))&&n.host===r.host&&l.activeElement===s&&(d.top.location.href=t.value))}},d.addEventListener(\"message\",d.wp.receiveEmbedMessage,!1),l.addEventListener(\"DOMContentLoaded\",function(){for(var e,t,s=l.querySelectorAll(\"iframe.wp-embedded-content\"),r=0;r<s.length;r++)(t=(e=s[r]).getAttribute(\"data-secret\"))||(t=Math.random().toString(36).substring(2,12),e.src+=\"#?secret=\"+t,e.setAttribute(\"data-secret\",t)),e.contentWindow.postMessage({message:\"ready\",secret:t},\"*\")},!1)))}(window,document);\n<\/script>\n","description":"Si tiene paciencia y relee los peri\u00f3dicos, hace tiempo que el tema del alquiler es uno de los m\u00e1s recurrentes. El alquiler de viviendas es objeto de un gran debate desde hace a\u00f1os. No hay semana en la que no se hable de ello en los medios, no hay elecciones en las que no sea [&hellip;]","thumbnail_url":"https:\/\/www.amatimmobiliaris.com\/w\/wp-content\/uploads\/2022\/01\/2014-Saga-familiar-Amat-dw-1-1024x683.jpg","thumbnail_width":1024,"thumbnail_height":683}

Si tiene paciencia y relee los periódicos, hace tiempo que el tema del alquiler es uno de los más recurrentes. El alquiler de viviendas es objeto de un gran debate desde hace años. No hay semana en la que no se hable de ello en los medios, no hay elecciones en las que no sea [&hellip;]
